ctors of k?
277
List the prime factors of 4/14 + 22673/49 + 7.
2, 5, 47
Suppose -95540 = -16*s - 18*s. List the prime factors of s.
2, 5, 281
Let f = 76 + 383. List the prime factors of f.
3, 17
Suppose -7*z + 3037 = -1779. List the prime factors of z.
2, 43
Let s be (-6)/(-24) - 59/(-4). Let h be s/10*202/(-3). Let p = h + 143. What are the prime factors of p?
2, 3, 7
Let p(q) = -381*q**3 - 3*q**2 - 2*q. What are the prime factors of p(-1)?
2, 5, 19
Let h(u) be the second derivative of u**4/6 - u**3/3 - u**2 - 6*u. Let t be h(-1). Suppose -8 = -t*g + 8. What are the prime factors of g?
2
Let p(s) = 2*s**3 - 9*s**2 + 6*s + 6. Let o(u) = -3*u**3 + 19*u**2 - 11*u - 12. Let x(d) = 3*o(d) + 5*p(d). What are the prime factors of x(-12)?
2, 3, 5
Let p(k) = 3*k - 10. Let f(w) = -w**2 + 1. Let u(s) = 7*s**2 + 9*s - 6. Let c(z) = -6*f(z) - u(z). Let m be c(-8). List the prime factors of p(m).
2, 7
Suppose 0 = 4*s - 72 - 4. Suppose -3*m - s = 11. Let j(g) = -g**2 - 13*g + 10. List the prime factors of j(m).
2, 5
Let w(v) = 46*v**2 + 2. Let b be w(-2). Let l = b - 76. List the prime factors of l.
2, 5, 11
Suppose 5*t - 7060 = -4*s, -s = t - 5*s - 1388. List the prime factors of t.
2, 11
Suppose 4*z - 4*o + 24 = 0, z - 3*o + 4*o = -8. Let s(u) = -u**2 - 5*u + u - 5*u + 10. List the prime factors of s(z).
2, 3
Let s(c) = -2*c - 12. Let d(r) = 3*r - 5. Let z be d(4). Let i be s(z). Let q = 28 + i. List the prime factors of q.
2
Let z(s) = -s**3 + 22*s**2 - 22*s + 45. Let l be z(21). Suppose -d = -4*d + 9. Suppose -2*m = -d*m + l. List the prime factors of m.
2, 3
Suppose 22*j - 1413 - 6001 = 0. What are the prime factors of j?
337
Let p(q) = 3767*q**2 - 91*q + 90. What are the prime factors of p(1)?
2, 7, 269
Let m be (-1 - -58) + (-5 - 0). Suppose -17 = 5*b - m. What are the prime factors of b?
7
Let h(l) = 7 + 9 + 159*l**2 - 16. What are the prime factors of h(-1)?
3, 53
Let s(o) = 2*o**3 + 51*o**2 + 24*o - 23. Let b be s(-25). Let y(d) be the third derivative of 13*d**5/60 - d**4/24 - 2*d**2. List the prime factors of y(b).
2, 5
Let y be 4/22 + (-155)/(-55). Suppose 4*z = -0*b + 3*b - 35, -y*b = -z - 20. Let a = b - -32. What are the prime factors of a?
37
Let x be ((-20)/(-6) + -2)*3. Suppose 3*m + 100 = 4*m - 2*d, -x*m + 5*d + 403 = 0. List the prime factors of m.
2, 3, 17
Let z = -192 + 1520. What are the prime factors of z?
2, 83
Suppose -34 = -5*l + 2*s, -5*l + 78 = 3*s + 29. Suppose 103 = l*g - 177. List the prime factors of g.
5, 7
Suppose -5*x - 5 = -0. Let t(m) = -11*m**3 + m**2 - 3*m - 3. Let y(v) = v**3 - v - 1. Let n(k) = t(k) - 2*y(k). What are the prime factors of n(x)?
2, 7
Suppose -4*r - r = -50. Suppose r - 6 = -u. What are the prime factors of u/18 - (-762)/27?
2, 7
Suppose 4*u - 181 = -3*r, u - 6*u + 5*r = -235. What are the prime factors of u?
2, 23
Let q(w) = 2*w + 6. Let a be q(-3). Suppose 2*b - 486 = -4*t, a = -2*t - 2*t - 3*b + 491. List the prime factors of t.
7, 17
Suppose -5*v = -5*o + o + 2234, 2*o - 1124 = -v. List the prime factors of o.
3, 11, 17
Let j(u) = 4*u**2 - 27*u - 159. List the prime factors of j(24).
3, 499
Let o(v) = 1. Let b(s) = -s + 1. Let x(f) = -6*b(f) + 5*o(f). Let t be x(-3). Let d = t - -41. What are the prime factors of d?
2, 11
Let t(w) = 27*w - 32. Suppose 0 = v + 4*q - 8, 3*v = -2*q + 14. What are the prime factors of t(v)?
2, 19
Suppose 0 = 3*u, 0*x = -2*x + 3*u - 8. Let v be x/8 - 3129/2. List the prime factors of 2/9 - v/45.
5, 7
Suppose 14 + 1 = c. Let j = c - 13. Suppose 0 = j*s + s - 51. What are the prime factors of s?
17
Let z(k) = -k**3 + k**2 - 2*k - 1. Let w be z(-1). Suppose i - 2 = 1, w*i = 4*d + 1. Suppose -d*j - 210 = -8*j. List the prime factors of j.
5, 7
Let r be (17 - 13)/((-1)/(-2)). Let l = r + 26. List the prime factors of l.
2, 17
List the prime factors of 7/(182/(-1131))*(-136)/6.
2, 17, 29
Let h(o) = 2*o**2 + 5*o. Suppose -7*i + 2*i + 29 = -4*c, 0 = 5*i - 5*c - 30. Suppose -f - 5*q + 16 = -i*f, -3*q - 20 = 5*f. What are the prime factors of h(f)?
2, 3
Let w(c) = 11*c - 19. Let v be w(6). Suppose 0 = q + t + 4*t - v, -t = q - 51. What are the prime factors of q?
2, 13
List the prime factors of 4 + 4324/3 - 2/6.
5, 17
Let k be (1 - (1 - 1))*4. Suppose -4*b + 316 = 5*g, g - k*g + 5*b = -160. What are the prime factors of g?
2, 3, 5
Suppose 19*r - 2090 - 2090 = 0. List the prime factors of r.
2, 5, 11
Let z be 18 - 0*(-2)/(-10). Suppose -z*l + 162 = -16*l. What are the prime factors of l?
3
Suppose 0*g + 6 = 4*p - 5*g, 0 = 4*p - 2*g - 12. Suppose 0*v + 4*v - 108 = -p*w, -w - 4*v = -18. Suppose -u + w = 4*u. List the prime factors of u.
2, 3
Let g(y) = -y**2 - 10*y - 2. Let k be g(-10). Let p(v) = -8*v**3 - 4*v**2 + 4. What are the prime factors of p(k)?
2, 13
Let j(b) = -b - 8. Let a be j(-7). Let u be a + (-3 - -3 - 14). Let s = u - -26. List the prime factors of s.
11
Let b(s) = s**2 - 4*s + 7. Let r be b(3). Suppose 0 = 4*j - 0*j. Suppose j = -3*z + 5*c - r*c + 75, 2*z - c = 51. What are the prime factors of z?
2, 3
Let u = 6 - 4. Suppose 5*m + u*l - 29 = 0, 4*m + 4*l = 9*l + 43. Suppose 3*z - 5*k + 32 = m*z, 27 = 3*z + 3*k. What are the prime factors of z?
13
Let z be 1/3 + -4 + 85/15. List the prime factors of 1/z + (-124)/(-8).
2
Let c = 80 - 92. What are the prime factors of (c/(-15))/(8/820)?
2, 41
Suppose -t + 5330 = 12*t. List the prime factors of t.
2, 5, 41
Suppose 15 = 4*u - u. Suppose -2*b - 5*o + 39 = -67, 0 = 3*b - u*o - 209. List the prime factors of b.
3, 7
Let s(d) = 3*d**2 - 2*d**2 + 14 + 14*d - d - 32. What are the prime factors of s(6)?
2, 3
Suppose -4*w = -6*w + 4. Suppose -b = w*u + u - 12, b - 5*u + 20 = 0. Suppose b = 4*i - 27 - 89. What are the prime factors of i?
29
Let r(h) = -h**2 + 6*h + 3. Let k be r(6). Let o = 25 - k. Let d = o - 16. List the prime factors of d.
2, 3
Suppose 4*w + 65 = b, -2*w - 6 = -0*w. Suppose 16 = -4*v, 2*v - 5 + b = -4*k. Let r = k + 13. List the prime factors of r.
3
Let w(y) = -y**3 - 2*y**2 + 3*y - 2. Let x be w(-3). Let s(v) be the first derivative of -v**4/4 + v**2 - v + 26. What are the prime factors of s(x)?
3
Suppose -2*g - o = 4*o - 107, 189 = 3*g - 2*o. What are the prime factors of g?
61
Let n(l) = l**3 + 34*l**2 - 11*l - 46. List the prime factors of n(-33).
2, 19, 37
Let o(z) be the second derivative of 7*z**3/3 - z**2 - 10*z. List the prime factors of o(1).
2, 3
Let w = -17 - -376. Suppose -w - 225 = -4*b. What are the prime factors of b?
2, 73
Let c = -1696 - -3321. List the prime factors of c.
5, 13
Let l be 68/8 - (-2)/(-4). Let d be (-6)/l*(-4 + -12). Suppose -3*z = -2*g + 2*z - d, -g = z - 8. What are the prime factors of g?
2
Let v = 1551 - 912. What are the prime factors of v?
3, 71
Let q = 811 + -524. Suppose -9*t + q = -694. List the prime factors of t.
109
Let z = 391 + -37. Suppose -682 = -7*a + z. What are the prime factors of a?
2, 37
Let b(d) = 80*d**2 + 26*d + 161. What are the prime factors of b(-5)?
3, 677
Let w be 5/(-20) + -2 + 348/(-16). Suppose -2*v - v = -123. Let z = v + w. List the prime factors of z.
17
What are the prime factors of 19048/20 - (-14)/(-35)?
2, 7, 17
Let g be 19/(-7) + (-14)/49. Let p(i) = -3*i**3 + 2*i**2 - 3*i + 3. What are the prime factors of p(g)?
3, 37
Let g = 18 + -27. Let m(s) = 10 + 2*s**3 + 10*s**2 - s**3 + 6*s + 0*s**3 + s. List the prime factors of m(g).
2, 7
Let z(j) = j**3 + 14*j**2 + 12*j - 13. Let l be z(-13). Suppose 5*w - 12*w + 651 = l. What are the prime factors of w?
3, 31
Let w = 37 - 30. What are the prime factors of 18 - -3 - (w - 3)?
17
Suppose 0*w + w - 8 = 0. Let n(j) = -j**3 + 8*j**2 + 9*j + 10. What are the prime factors of n(w)?
2, 41
Suppose -s + 2*m = -m + 20, 2*m + 8 = 0. Let h = 83 - s. What are the prime factors of h?
5, 23
Let x be -2 - (-234 - 0)/2. Let c = x + -82. List the prime factors of c.
3, 11
Let k(y) = 68*y**3 - y**2 + 4*y - 2. What are the prime factors of k(1)?
3, 23
Let k(x) = -x**2 + 11*x - 12. Let j be k(8). Suppose 0 = -2*m + j + 8. What are the prime factors of (m/(-6) - -1)*-63?
2, 3, 7
Let n(h) be the second derivative of 0 + 1/12*h**4 - 5*h + 1/3*h**3 - 1/20*h**5 + 3/2*h**2. What are the prime factors of n(-2)?
11
What are the prime factors of -3*17/34*(-2572)/6?
643
Suppose 0 = 16*n - 546 - 14. List the prime f